{"id":5518,"date":"2025-05-29T07:44:34","date_gmt":"2025-05-29T05:44:34","guid":{"rendered":"https:\/\/oekosozial.at\/wien\/?page_id=5518"},"modified":"2026-04-09T21:39:59","modified_gmt":"2026-04-09T19:39:59","slug":"schlussworte","status":"publish","type":"page","link":"https:\/\/oekosozial.at\/wien\/gesichter-der-vielfalt-guide\/schlussworte\/","title":{"rendered":"Gesichter der Vielfalt: Schlussworte"},"content":{"rendered":"\n<p><\/p>\n\n\n\n<div class=\"wp-block-buttons is-layout-flex wp-block-buttons-is-layout-flex\">\n<div class=\"wp-block-button is-style-outline is-style-outline--1\"><a class=\"wp-block-button__link has-vivid-cyan-blue-color has-text-color has-link-color wp-element-button\">Tonspur anh\u00f6ren<\/a><\/div>\n<\/div>\n\n\n\n<p><\/p>\n\n\n\n<p>Sie haben nun in mehreren Stationen eine Ausstellung erlebt, die Sie mit der Lebendigkeit des Lebens um uns herum in Ber\u00fchrung bringt.<\/p>\n\n\n\n<p>Wie f\u00fchlen Sie sich nun? Haben die Bilder und Texte auf Sie gewirkt? Werden Sie bald einen Naturort aufsuchen? Haben Sie die Infos \u00fcber den Zustand der \u00d6kosysteme besorgt? Haben Ihnen die Hinweise darauf, dass auch kleine Fl\u00e4chen, kleine Taten einen Unterschied machen, Mut gemacht? Haben Sie \u00fcber die kleinen Lebewesen gestaunt? Sind Ihnen auf der Karte der Stadt Wien Gr\u00fcnr\u00e4ume aufgefallen, die sie noch nicht kennen oder die sie schon lange nicht besucht haben?<\/p>\n\n\n\n<p>Unsere Ausstellung ist eine interaktive Ausstellung. Es geht um das, was sie daraus mitnehmen. Wir hoffen, wir konnten ihnen hier Anregungen liefern. <\/p>\n\n\n\n<p>Und es geht darum, dass Sie mit der Natur um sich herum in Ber\u00fchrung kommen. Gehen Sie hinaus in die Naturr\u00e4ume Wiens, erkunden Sie die Landschaften und Natursch\u00e4tze um Sie herum.<\/p>\n\n\n\n<p><\/p>\n\n\n\n<p>Wir hoffen es hat Ihnen gefallen! Empfehlen Sie <em>&#8222;Gesichter der Vielfalt&#8220;<\/em> gerne auch weiter!<\/p>\n\n\n\n<p><\/p>\n\n\n\n<p><em>Ihre Kurator:innen<\/em><\/p>\n\n\n\n<p><strong>Barbara Mithlinger<\/strong>, Leiterin der Kleinen Galerie | <strong>Ren\u00e9 Hartinger<\/strong>, Gesch\u00e4ftsf\u00fchrer des \u00d6kosozialen Forums Wien<\/p>\n\n\n\n<p><\/p>\n\n\n\n<h5 class=\"wp-block-heading\"><a href=\"https:\/\/oekosozial.at\/wien\/gesichter-der-vielfalt-guide\/\">Zur \u00dcbersicht<\/a><\/h5>\n","protected":false},"excerpt":{"rendered":"<p>Sie haben nun in mehreren Stationen eine Ausstellung erlebt, die Sie mit der Lebendigkeit des Lebens um uns herum in Ber\u00fchrung bringt. Wie f\u00fchlen Sie sich nun? Haben die Bilder und Texte auf Sie gewirkt? Werden Sie bald einen Naturort aufsuchen? Haben Sie die Infos \u00fcber den Zustand der \u00d6kosysteme besorgt? Haben Ihnen die Hinweise darauf, dass auch kleine Fl\u00e4chen, &#8230;<\/p>\n","protected":false},"author":24,"featured_media":0,"parent":5230,"menu_order":0,"comment_status":"closed","ping_status":"closed","template":"","meta":{"footnotes":""},"class_list":["post-5518","page","type-page","status-publish","hentry","no-post-thumbnail"],"_links":{"self":[{"href":"https:\/\/oekosozial.at\/wien\/wp-json\/wp\/v2\/pages\/5518","targetHints":{"allow":["GET"]}}],"collection":[{"href":"https:\/\/oekosozial.at\/wien\/wp-json\/wp\/v2\/pages"}],"about":[{"href":"https:\/\/oekosozial.at\/wien\/wp-json\/wp\/v2\/types\/page"}],"author":[{"embeddable":true,"href":"https:\/\/oekosozial.at\/wien\/wp-json\/wp\/v2\/users\/24"}],"replies":[{"embeddable":true,"href":"https:\/\/oekosozial.at\/wien\/wp-json\/wp\/v2\/comments?post=5518"}],"version-history":[{"count":8,"href":"https:\/\/oekosozial.at\/wien\/wp-json\/wp\/v2\/pages\/5518\/revisions"}],"predecessor-version":[{"id":6173,"href":"https:\/\/oekosozial.at\/wien\/wp-json\/wp\/v2\/pages\/5518\/revisions\/6173"}],"up":[{"embeddable":true,"href":"https:\/\/oekosozial.at\/wien\/wp-json\/wp\/v2\/pages\/5230"}],"wp:attachment":[{"href":"https:\/\/oekosozial.at\/wien\/wp-json\/wp\/v2\/media?parent=5518"}],"curies":[{"name":"wp","href":"https:\/\/api.w.org\/{rel}","templated":true}]}}

<p></p>



<div class="wp-block-buttons is-layout-flex wp-block-buttons-is-layout-flex">
<div class="wp-block-button is-style-outline is-style-outline--1"><a class="wp-block-button__link has-vivid-cyan-blue-color has-text-color has-link-color wp-element-button">Tonspur anhören</a></div>
</div>



<p></p>



<p>Sie haben nun in mehreren Stationen eine Ausstellung erlebt, die Sie mit der Lebendigkeit des Lebens um uns herum in Berührung bringt.</p>



<p>Wie fühlen Sie sich nun? Haben die Bilder und Texte auf Sie gewirkt? Werden Sie bald einen Naturort aufsuchen? Haben Sie die Infos über den Zustand der Ökosysteme besorgt? Haben Ihnen die Hinweise darauf, dass auch kleine Flächen, kleine Taten einen Unterschied machen, Mut gemacht? Haben Sie über die kleinen Lebewesen gestaunt? Sind Ihnen auf der Karte der Stadt Wien Grünräume aufgefallen, die sie noch nicht kennen oder die sie schon lange nicht besucht haben?</p>



<p>Unsere Ausstellung ist eine interaktive Ausstellung. Es geht um das, was sie daraus mitnehmen. Wir hoffen, wir konnten ihnen hier Anregungen liefern. </p>



<p>Und es geht darum, dass Sie mit der Natur um sich herum in Berührung kommen. Gehen Sie hinaus in die Naturräume Wiens, erkunden Sie die Landschaften und Naturschätze um Sie herum.</p>



<p></p>



<p>Wir hoffen es hat Ihnen gefallen! Empfehlen Sie <em>&#8222;Gesichter der Vielfalt&#8220;</em> gerne auch weiter!</p>



<p></p>



<p><em>Ihre Kurator:innen</em></p>



<p><strong>Barbara Mithlinger</strong>, Leiterin der Kleinen Galerie | <strong>René Hartinger</strong>, Geschäftsführer des Ökosozialen Forums Wien</p>



<p></p>



<h5 class="wp-block-heading"><a href="https://oekosozial.at/wien/gesichter-der-vielfalt-guide/">Zur Übersicht</a></h5>

<p>Sie haben nun in mehreren Stationen eine Ausstellung erlebt, die Sie mit der Lebendigkeit des Lebens um uns herum in Berührung bringt. Wie fühlen Sie sich nun? Haben die Bilder und Texte auf Sie gewirkt? Werden Sie bald einen Naturort aufsuchen? Haben Sie die Infos über den Zustand der Ökosysteme besorgt? Haben Ihnen die Hinweise darauf, dass auch kleine Flächen, &#8230;</p>
