{"id":5310,"date":"2025-05-21T08:37:08","date_gmt":"2025-05-21T06:37:08","guid":{"rendered":"https:\/\/oekosozial.at\/wien\/?page_id=5310"},"modified":"2025-06-06T08:18:43","modified_gmt":"2025-06-06T06:18:43","slug":"station-3-durch-die-augen-von-kindern","status":"publish","type":"page","link":"https:\/\/oekosozial.at\/wien\/gesichter-der-vielfalt-guide\/station-3-durch-die-augen-von-kindern\/","title":{"rendered":"Station 3: Durch die Augen von Kindern"},"content":{"rendered":"\n<p><\/p>\n\n\n\n<p>TONSPUR (folgt) | H\u00c4NGUNG<\/p>\n\n\n\n<p>Die Welt durch die Augen der Kinder sehen &#8211;  so sagt das gefl\u00fcgelte Wort. <\/p>\n\n\n\n<p>Und tats\u00e4chlich liegt in den Zeichnungen von Kindern etwas ganz Besonderes und Unmittelbares. Dem ber\u00fchmten K\u00fcnstler Pablo Picasso wird zugeschrieben, gesagt zu haben: <em>\u201cIt took me four years to paint like Raphael, but a lifetime to paint like a child.\u201d<\/em><\/p>\n\n\n\n<p>Nicht nur die k\u00fcnstlerische Unmittelbarkeit der Kinderzeichnungen steht f\u00fcr sich. Auch die Beobachtungsgabe, die Aufmerksamkeit f\u00fcr das Rundherum zeichnen das Schaffen der Kinder aus. <\/p>\n\n\n\n<p>Kinder kommen \u00fcber ihre Neugierde, ihren Forscherdrang, ihre Aufmerksamkeit in Kontakt mit der Welt. Die Natur ist ein idealer Raum daf\u00fcr. Oft sind es gerade die Insekten, die den Kindern auffallen. Der Kontakt zur Natur wiederum ist wichtig und f\u00f6rdert die Entwicklung von Kindern. Ohne Bezug dazu l\u00e4sst sich die Welt, l\u00e4sst sich das Leben nicht verstehen. Denn sie ist die lebendige Grundlage unseres Planeten. <\/p>\n\n\n\n<p>Ohne (Bezug zu) unserer lebendigen Umwelt l\u00e4sst es sich weder f\u00fcr Kinder noch f\u00fcr Erwachsene gut leben. Eine gute Beziehung nimmt schon im Verh\u00e4ltnis zu unseren kleinen Mitlebewesen &#8211; den Insekten &#8211; an. Sobald die Kinder mehr dar\u00fcber erfahren und begreifen, dass es sich um eigenst\u00e4ndige Lebewesen handelt, gehen sie achtsamer damit um. Erste Impulse, auf K\u00e4fer draufzusteigen, werden so zu einem Bewusstsein daf\u00fcr, was die Tiere tun und welche Aufgaben sie im Gro\u00dfen und Ganzen haben. <\/p>\n\n\n\n<p>Die <strong>Kinder der 2B der Volksschule Prie\u00dfnitzgasse I<\/strong>. haben f\u00fcr unsere Ausstellung zum Thema \u201eDie Welt der Insekten\u201c gezeichnet. Wir staunen und freuen uns sehr \u00fcber die Vielfalt, die Kreativit\u00e4t und die Beobachtungsgabe, die in den Bildern zum Ausdruck kommt. Die Zeichnungen zeigen: jedes Kind nimmt die Natur unterschiedlich wahr, beobachtet auf seine \/ ihre ganz eigene Weise.<\/p>\n\n\n\n<p>Die K\u00fcnstlerin <strong>Gerti Hopf<\/strong> hat Insekten aus Keramik oder Upcycling als &#8222;Pfl\u00fcckskulpturen&#8220; auf Totholz dargeboten. Sie schreibt:<\/p>\n\n\n\n<blockquote class=\"wp-block-quote is-layout-flow wp-block-quote-is-layout-flow\">\n<p class=\"has-small-font-size\" style=\"font-style:italic;font-weight:200\"><strong>Bau dir dein Nest&nbsp;<\/strong><\/p>\n\n\n\n<p class=\"has-small-font-size\" style=\"font-style:italic;font-weight:200\">Du selbst, der du lebst in dieser Stadt, bist der Baustein f\u00fcr dein kleines Nest.&nbsp;<\/p>\n\n\n\n<p class=\"has-small-font-size\" style=\"font-style:italic;font-weight:200\">Ein Nestchen Natur, dass du den Samen des Waldes entnommen, auf deinem kleinen Balkon oder Blumenk\u00e4stchen sprie\u00dfen l\u00e4sst, wird dein Herz erfreuen und immer wieder f\u00fcr dich bl\u00fchen.<\/p>\n\n\n\n<p class=\"has-small-font-size\" style=\"font-style:italic;font-weight:200\">Du selbst, bist der Tr\u00e4ger dieses elementaren Gleichgewichtes in dieser Stadt.<\/p>\n\n\n\n<p class=\"has-small-font-size\" style=\"font-style:italic;font-weight:200\">Durch dein Gr\u00fcn erwachen Getier und Insekten, die alles Leben in einen Einklang bringen.&nbsp;<\/p>\n\n\n\n<p class=\"has-small-font-size\"><strong>Gerti Hopf<\/strong><\/p>\n<\/blockquote>\n\n\n\n<p>Der K\u00fcnstler<strong> Jeremias Altmann<\/strong> hat sich in seinem Gem\u00e4lde im Eingangsbereich zur Ausstellung mit einer seiner Kinderzeichnungen auseinandergesetzt und sie k\u00fcnstlerisch in seinem Gem\u00e4lde &#8222;Larva&#8220; (2021) neu interpretiert. <\/p>\n\n\n\n<blockquote class=\"wp-block-quote is-layout-flow wp-block-quote-is-layout-flow\">\n<p class=\"has-small-font-size\"><em>In meiner Serie YOUNG PROPHECIES interpretiere ich meine eigenen Kinderzeichnungen zu neuen Malereien und Objekten. Dieser transformative Prozess verleiht einzelnen Figuren aus den Kinderzeichnungen fortlaufend mehr und mehr Pers\u00f6nlichkeit. Ohne das Mysterium \u00fcber die Bedeutung und Herkunft dieser Wesen je ganz aufl\u00f6sen zu k\u00f6nnen, erschlie\u00dfe ich mit dieser Werkserie einen ganz speziellen Freiraum zwischen dem ungezwungenen Sch\u00f6pfergeist meiner fr\u00fchen Kindheit und meiner k\u00fcnstlerischen F\u00e4higkeiten als Erwachsener.<\/em><\/p>\n\n\n\n<p class=\"has-small-font-size\"><strong>Jeremias Altmann<\/strong><\/p>\n<\/blockquote>\n\n\n\n<p>Auch Erwachsene staunen, wenn uns tolle Naturfotografen wie Kai Kolodziej oder Edward Ehab unz\u00e4hlige Tiere in eindrucksvollen Bildern erleben lassen. Von Angesicht zu Angesicht &#8222;verwandelt&#8220; sich das Lebewesen gegen\u00fcber. Es ist nicht nur: Eine Spinne. Ein Igel. Ein Kugelspringer. Eine Libelle. In der Betrachtung wird sp\u00fcrbar &#8211; es sind Mitlebewesen wie wir. Die k\u00fcnstlerischen Werke daneben erinnern uns daran, dass die Frage immer auch ist, wie &#8211; und ob &#8211; wir die Welt um uns herum, die Lebewesen, die sie bewohnen, sehen und wahrnehmen. <\/p>\n\n\n\n<p><\/p>\n\n\n\n<details class=\"wp-block-details has-background is-layout-flow wp-block-details-is-layout-flow\" style=\"background-color:#bd79954d\"><summary>Reflexionsfrage<\/summary>\n<p>Die Welt wieder wie ein Kind sehen? Vielleicht w\u00e4re es f\u00fcr uns Erwachsene gut, die Welt &#8211; und auch die Natur &#8211; wieder mehr mit dem Interesse und der Neugier von Kindern wahrzunehmen. Wann hast du dir das letzte Mal Zeit genommen, um zu beobachten und zu entdecken?<\/p>\n<\/details>\n\n\n\n<p><\/p>\n\n\n\n<p class=\"has-cyan-bluish-gray-color has-text-color has-link-color wp-elements-5b2ffa2541d6e745c6fa98d3c74ce8f8\">Text: Ren\u00e9 Hartinger; Tonspur: Barbara Mithlinger<\/p>\n\n\n\n<p><\/p>\n\n\n\n<h5 class=\"wp-block-heading\"><a href=\"https:\/\/oekosozial.at\/wien\/gesichter-der-vielfalt-guide\/station-4-death-is-not-the-end\/\">Zu Station 4<\/a><\/h5>\n\n\n\n<p><\/p>\n\n\n\n<h5 class=\"wp-block-heading\"><a href=\"https:\/\/oekosozial.at\/wien\/gesichter-der-vielfalt-guide\/\">Zur\u00fcck zur \u00dcbersicht<\/a><\/h5>\n\n\n\n<p><\/p>\n","protected":false},"excerpt":{"rendered":"<p>TONSPUR (folgt) | H\u00c4NGUNG Die Welt durch die Augen der Kinder sehen &#8211; so sagt das gefl\u00fcgelte Wort. Und tats\u00e4chlich liegt in den Zeichnungen von Kindern etwas ganz Besonderes und Unmittelbares. Dem ber\u00fchmten K\u00fcnstler Pablo Picasso wird zugeschrieben, gesagt zu haben: \u201cIt took me four years to paint like Raphael, but a lifetime to paint like a child.\u201d Nicht nur &#8230;<\/p>\n","protected":false},"author":24,"featured_media":0,"parent":5230,"menu_order":0,"comment_status":"closed","ping_status":"closed","template":"","meta":{"footnotes":""},"class_list":["post-5310","page","type-page","status-publish","hentry","no-post-thumbnail"],"_links":{"self":[{"href":"https:\/\/oekosozial.at\/wien\/wp-json\/wp\/v2\/pages\/5310","targetHints":{"allow":["GET"]}}],"collection":[{"href":"https:\/\/oekosozial.at\/wien\/wp-json\/wp\/v2\/pages"}],"about":[{"href":"https:\/\/oekosozial.at\/wien\/wp-json\/wp\/v2\/types\/page"}],"author":[{"embeddable":true,"href":"https:\/\/oekosozial.at\/wien\/wp-json\/wp\/v2\/users\/24"}],"replies":[{"embeddable":true,"href":"https:\/\/oekosozial.at\/wien\/wp-json\/wp\/v2\/comments?post=5310"}],"version-history":[{"count":9,"href":"https:\/\/oekosozial.at\/wien\/wp-json\/wp\/v2\/pages\/5310\/revisions"}],"predecessor-version":[{"id":5552,"href":"https:\/\/oekosozial.at\/wien\/wp-json\/wp\/v2\/pages\/5310\/revisions\/5552"}],"up":[{"embeddable":true,"href":"https:\/\/oekosozial.at\/wien\/wp-json\/wp\/v2\/pages\/5230"}],"wp:attachment":[{"href":"https:\/\/oekosozial.at\/wien\/wp-json\/wp\/v2\/media?parent=5310"}],"curies":[{"name":"wp","href":"https:\/\/api.w.org\/{rel}","templated":true}]}}

<p></p>



<p>TONSPUR (folgt) | HÄNGUNG</p>



<p>Die Welt durch die Augen der Kinder sehen &#8211;  so sagt das geflügelte Wort. </p>



<p>Und tatsächlich liegt in den Zeichnungen von Kindern etwas ganz Besonderes und Unmittelbares. Dem berühmten Künstler Pablo Picasso wird zugeschrieben, gesagt zu haben: <em>“It took me four years to paint like Raphael, but a lifetime to paint like a child.”</em></p>



<p>Nicht nur die künstlerische Unmittelbarkeit der Kinderzeichnungen steht für sich. Auch die Beobachtungsgabe, die Aufmerksamkeit für das Rundherum zeichnen das Schaffen der Kinder aus. </p>



<p>Kinder kommen über ihre Neugierde, ihren Forscherdrang, ihre Aufmerksamkeit in Kontakt mit der Welt. Die Natur ist ein idealer Raum dafür. Oft sind es gerade die Insekten, die den Kindern auffallen. Der Kontakt zur Natur wiederum ist wichtig und fördert die Entwicklung von Kindern. Ohne Bezug dazu lässt sich die Welt, lässt sich das Leben nicht verstehen. Denn sie ist die lebendige Grundlage unseres Planeten. </p>



<p>Ohne (Bezug zu) unserer lebendigen Umwelt lässt es sich weder für Kinder noch für Erwachsene gut leben. Eine gute Beziehung nimmt schon im Verhältnis zu unseren kleinen Mitlebewesen &#8211; den Insekten &#8211; an. Sobald die Kinder mehr darüber erfahren und begreifen, dass es sich um eigenständige Lebewesen handelt, gehen sie achtsamer damit um. Erste Impulse, auf Käfer draufzusteigen, werden so zu einem Bewusstsein dafür, was die Tiere tun und welche Aufgaben sie im Großen und Ganzen haben. </p>



<p>Die <strong>Kinder der 2B der Volksschule Prießnitzgasse I</strong>. haben für unsere Ausstellung zum Thema „Die Welt der Insekten“ gezeichnet. Wir staunen und freuen uns sehr über die Vielfalt, die Kreativität und die Beobachtungsgabe, die in den Bildern zum Ausdruck kommt. Die Zeichnungen zeigen: jedes Kind nimmt die Natur unterschiedlich wahr, beobachtet auf seine / ihre ganz eigene Weise.</p>



<p>Die Künstlerin <strong>Gerti Hopf</strong> hat Insekten aus Keramik oder Upcycling als &#8222;Pflückskulpturen&#8220; auf Totholz dargeboten. Sie schreibt:</p>



<blockquote class="wp-block-quote is-layout-flow wp-block-quote-is-layout-flow">
<p class="has-small-font-size" style="font-style:italic;font-weight:200"><strong>Bau dir dein Nest&nbsp;</strong></p>



<p class="has-small-font-size" style="font-style:italic;font-weight:200">Du selbst, der du lebst in dieser Stadt, bist der Baustein für dein kleines Nest.&nbsp;</p>



<p class="has-small-font-size" style="font-style:italic;font-weight:200">Ein Nestchen Natur, dass du den Samen des Waldes entnommen, auf deinem kleinen Balkon oder Blumenkästchen sprießen lässt, wird dein Herz erfreuen und immer wieder für dich blühen.</p>



<p class="has-small-font-size" style="font-style:italic;font-weight:200">Du selbst, bist der Träger dieses elementaren Gleichgewichtes in dieser Stadt.</p>



<p class="has-small-font-size" style="font-style:italic;font-weight:200">Durch dein Grün erwachen Getier und Insekten, die alles Leben in einen Einklang bringen.&nbsp;</p>



<p class="has-small-font-size"><strong>Gerti Hopf</strong></p>
</blockquote>



<p>Der Künstler<strong> Jeremias Altmann</strong> hat sich in seinem Gemälde im Eingangsbereich zur Ausstellung mit einer seiner Kinderzeichnungen auseinandergesetzt und sie künstlerisch in seinem Gemälde &#8222;Larva&#8220; (2021) neu interpretiert. </p>



<blockquote class="wp-block-quote is-layout-flow wp-block-quote-is-layout-flow">
<p class="has-small-font-size"><em>In meiner Serie YOUNG PROPHECIES interpretiere ich meine eigenen Kinderzeichnungen zu neuen Malereien und Objekten. Dieser transformative Prozess verleiht einzelnen Figuren aus den Kinderzeichnungen fortlaufend mehr und mehr Persönlichkeit. Ohne das Mysterium über die Bedeutung und Herkunft dieser Wesen je ganz auflösen zu können, erschließe ich mit dieser Werkserie einen ganz speziellen Freiraum zwischen dem ungezwungenen Schöpfergeist meiner frühen Kindheit und meiner künstlerischen Fähigkeiten als Erwachsener.</em></p>



<p class="has-small-font-size"><strong>Jeremias Altmann</strong></p>
</blockquote>



<p>Auch Erwachsene staunen, wenn uns tolle Naturfotografen wie Kai Kolodziej oder Edward Ehab unzählige Tiere in eindrucksvollen Bildern erleben lassen. Von Angesicht zu Angesicht &#8222;verwandelt&#8220; sich das Lebewesen gegenüber. Es ist nicht nur: Eine Spinne. Ein Igel. Ein Kugelspringer. Eine Libelle. In der Betrachtung wird spürbar &#8211; es sind Mitlebewesen wie wir. Die künstlerischen Werke daneben erinnern uns daran, dass die Frage immer auch ist, wie &#8211; und ob &#8211; wir die Welt um uns herum, die Lebewesen, die sie bewohnen, sehen und wahrnehmen. </p>



<p></p>



<details class="wp-block-details has-background is-layout-flow wp-block-details-is-layout-flow" style="background-color:#bd79954d"><summary>Reflexionsfrage</summary>
<p>Die Welt wieder wie ein Kind sehen? Vielleicht wäre es für uns Erwachsene gut, die Welt &#8211; und auch die Natur &#8211; wieder mehr mit dem Interesse und der Neugier von Kindern wahrzunehmen. Wann hast du dir das letzte Mal Zeit genommen, um zu beobachten und zu entdecken?</p>
</details>



<p></p>



<p class="has-cyan-bluish-gray-color has-text-color has-link-color wp-elements-5b2ffa2541d6e745c6fa98d3c74ce8f8">Text: René Hartinger; Tonspur: Barbara Mithlinger</p>



<p></p>



<h5 class="wp-block-heading"><a href="https://oekosozial.at/wien/gesichter-der-vielfalt-guide/station-4-death-is-not-the-end/">Zu Station 4</a></h5>



<p></p>



<h5 class="wp-block-heading"><a href="https://oekosozial.at/wien/gesichter-der-vielfalt-guide/">Zurück zur Übersicht</a></h5>



<p></p>

<p>TONSPUR (folgt) | HÄNGUNG Die Welt durch die Augen der Kinder sehen &#8211; so sagt das geflügelte Wort. Und tatsächlich liegt in den Zeichnungen von Kindern etwas ganz Besonderes und Unmittelbares. Dem berühmten Künstler Pablo Picasso wird zugeschrieben, gesagt zu haben: “It took me four years to paint like Raphael, but a lifetime to paint like a child.” Nicht nur &#8230;</p>
