{"id":5256,"date":"2025-05-21T07:03:38","date_gmt":"2025-05-21T05:03:38","guid":{"rendered":"https:\/\/oekosozial.at\/wien\/?page_id=5256"},"modified":"2026-04-09T21:30:26","modified_gmt":"2026-04-09T19:30:26","slug":"station-2-auf-du-und-du","status":"publish","type":"page","link":"https:\/\/oekosozial.at\/wien\/gesichter-der-vielfalt-guide\/station-2-auf-du-und-du\/","title":{"rendered":"Station 2: Auf Du und Du"},"content":{"rendered":"\n<h5 class=\"wp-block-heading\">Die Natur als Gegen\u00fcber<\/h5>\n\n\n\n<p><\/p>\n\n\n\n<div class=\"wp-block-buttons is-layout-flex wp-block-buttons-is-layout-flex\">\n<div class=\"wp-block-button is-style-outline is-style-outline--1\"><a class=\"wp-block-button__link has-vivid-cyan-blue-color has-text-color has-link-color wp-element-button\" href=\"https:\/\/oekosozial.at\/wien\/wp-content\/uploads\/sites\/4\/2025\/05\/Auf-du-und-du.wav\">TONSPUR ANH\u00d6REN<\/a><\/div>\n<\/div>\n\n\n\n<p><\/p>\n\n\n\n<p>Das Wort \u201cBiodiversit\u00e4t\u201d ist etwas abstrakt. Mit unserer Ausstellung wollen wir einen besonderen Zugang zu dem er\u00f6ffnen, was wir recht allgemein darunter zusammenfassen: Die Vielfalt unterschiedlichster Lebewesen, die die Millionenmetropole Wien bewohnen. \u201cGesichter der Vielfalt\u201d gibt Einblicke in die Vielfalt des Lebendigen.&nbsp;<\/p>\n\n\n\n<p>Die Fotografien zweier besonders talentierter Fotografen erlauben uns, unterschiedlichsten Lebewesen von Angesicht zu Angesicht zu begegnen &#8211; Lebewesen, die man normalerweise nicht zu Gesicht bekommt: entweder weil sie winzig klein sind, weil sie nachts oder im Verborgenen leben, oder weil die meisten Menschen allgemein weitaus mehr Zeit indoor verbringen als unterwegs.&nbsp;&nbsp;<\/p>\n\n\n\n<p>Mit den Bildern in unserer Ausstellung m\u00f6chten wir Ihnen die Natur als lebendiges Gegen\u00fcber ein St\u00fcck weit erlebbar machen. Diese Begegnung soll anregen, unsere pers\u00f6nliche und gesellschaftliche Naturbeziehung zu reflektieren. Neben den Fotografien geben Kinderzeichnungen und k\u00fcnstlerische Werke Einblick in das Naturerleben und die Perzeption von Natur von Kindern und K\u00fcnstler:innen.&nbsp;<\/p>\n\n\n\n<p class=\"has-background\" style=\"background-color:#ededed\">Die Makrofotografie von <strong>Edward Ehab<\/strong>, die sie gerade vor sich sehen, zeigt ein Tier, das &#8222;in echt&#8220; kaum einen bis wenige Millimeter gro\u00df ist. Das Bild erlaubt uns die Begegnung mit diesem winzigen Lebewesen als ein Gegen\u00fcber auf Augenh\u00f6he.<\/p>\n\n\n\n<p class=\"has-cyan-bluish-gray-color has-text-color has-link-color wp-elements-5b2ffa2541d6e745c6fa98d3c74ce8f8\">Text: Ren\u00e9 Hartinger; Tonspur: Barbara Mithlinger<\/p>\n\n\n\n<p><\/p>\n\n\n\n<div class=\"wp-block-buttons is-layout-flex wp-block-buttons-is-layout-flex\">\n<div class=\"wp-block-button is-style-outline is-style-outline--2\"><a class=\"wp-block-button__link wp-element-button\" href=\"https:\/\/oekosozial.at\/wien\/gesichter-der-vielfalt-guide\/station-4-death-is-not-the-end\/\">Weiter zu Station 4<\/a><\/div>\n<\/div>\n\n\n\n<p><\/p>\n\n\n\n<h5 class=\"wp-block-heading\"><a href=\"https:\/\/oekosozial.at\/wien\/gesichter-der-vielfalt-guide\/\">Zur\u00fcck zur \u00dcbersicht<\/a><\/h5>\n\n\n\n<p><\/p>\n","protected":false},"excerpt":{"rendered":"<p>Die Natur als Gegen\u00fcber Das Wort \u201cBiodiversit\u00e4t\u201d ist etwas abstrakt. Mit unserer Ausstellung wollen wir einen besonderen Zugang zu dem er\u00f6ffnen, was wir recht allgemein darunter zusammenfassen: Die Vielfalt unterschiedlichster Lebewesen, die die Millionenmetropole Wien bewohnen. \u201cGesichter der Vielfalt\u201d gibt Einblicke in die Vielfalt des Lebendigen.&nbsp; Die Fotografien zweier besonders talentierter Fotografen erlauben uns, unterschiedlichsten Lebewesen von Angesicht zu Angesicht &#8230;<\/p>\n","protected":false},"author":24,"featured_media":0,"parent":5230,"menu_order":0,"comment_status":"closed","ping_status":"closed","template":"","meta":{"footnotes":""},"class_list":["post-5256","page","type-page","status-publish","hentry","no-post-thumbnail"],"_links":{"self":[{"href":"https:\/\/oekosozial.at\/wien\/wp-json\/wp\/v2\/pages\/5256","targetHints":{"allow":["GET"]}}],"collection":[{"href":"https:\/\/oekosozial.at\/wien\/wp-json\/wp\/v2\/pages"}],"about":[{"href":"https:\/\/oekosozial.at\/wien\/wp-json\/wp\/v2\/types\/page"}],"author":[{"embeddable":true,"href":"https:\/\/oekosozial.at\/wien\/wp-json\/wp\/v2\/users\/24"}],"replies":[{"embeddable":true,"href":"https:\/\/oekosozial.at\/wien\/wp-json\/wp\/v2\/comments?post=5256"}],"version-history":[{"count":10,"href":"https:\/\/oekosozial.at\/wien\/wp-json\/wp\/v2\/pages\/5256\/revisions"}],"predecessor-version":[{"id":6161,"href":"https:\/\/oekosozial.at\/wien\/wp-json\/wp\/v2\/pages\/5256\/revisions\/6161"}],"up":[{"embeddable":true,"href":"https:\/\/oekosozial.at\/wien\/wp-json\/wp\/v2\/pages\/5230"}],"wp:attachment":[{"href":"https:\/\/oekosozial.at\/wien\/wp-json\/wp\/v2\/media?parent=5256"}],"curies":[{"name":"wp","href":"https:\/\/api.w.org\/{rel}","templated":true}]}}

<h5 class="wp-block-heading">Die Natur als Gegenüber</h5>



<p></p>



<div class="wp-block-buttons is-layout-flex wp-block-buttons-is-layout-flex">
<div class="wp-block-button is-style-outline is-style-outline--1"><a class="wp-block-button__link has-vivid-cyan-blue-color has-text-color has-link-color wp-element-button" href="https://oekosozial.at/wien/wp-content/uploads/sites/4/2025/05/Auf-du-und-du.wav">TONSPUR ANHÖREN</a></div>
</div>



<p></p>



<p>Das Wort “Biodiversität” ist etwas abstrakt. Mit unserer Ausstellung wollen wir einen besonderen Zugang zu dem eröffnen, was wir recht allgemein darunter zusammenfassen: Die Vielfalt unterschiedlichster Lebewesen, die die Millionenmetropole Wien bewohnen. “Gesichter der Vielfalt” gibt Einblicke in die Vielfalt des Lebendigen.&nbsp;</p>



<p>Die Fotografien zweier besonders talentierter Fotografen erlauben uns, unterschiedlichsten Lebewesen von Angesicht zu Angesicht zu begegnen &#8211; Lebewesen, die man normalerweise nicht zu Gesicht bekommt: entweder weil sie winzig klein sind, weil sie nachts oder im Verborgenen leben, oder weil die meisten Menschen allgemein weitaus mehr Zeit indoor verbringen als unterwegs.&nbsp;&nbsp;</p>



<p>Mit den Bildern in unserer Ausstellung möchten wir Ihnen die Natur als lebendiges Gegenüber ein Stück weit erlebbar machen. Diese Begegnung soll anregen, unsere persönliche und gesellschaftliche Naturbeziehung zu reflektieren. Neben den Fotografien geben Kinderzeichnungen und künstlerische Werke Einblick in das Naturerleben und die Perzeption von Natur von Kindern und Künstler:innen.&nbsp;</p>



<p class="has-background" style="background-color:#ededed">Die Makrofotografie von <strong>Edward Ehab</strong>, die sie gerade vor sich sehen, zeigt ein Tier, das &#8222;in echt&#8220; kaum einen bis wenige Millimeter groß ist. Das Bild erlaubt uns die Begegnung mit diesem winzigen Lebewesen als ein Gegenüber auf Augenhöhe.</p>



<p class="has-cyan-bluish-gray-color has-text-color has-link-color wp-elements-5b2ffa2541d6e745c6fa98d3c74ce8f8">Text: René Hartinger; Tonspur: Barbara Mithlinger</p>



<p></p>



<div class="wp-block-buttons is-layout-flex wp-block-buttons-is-layout-flex">
<div class="wp-block-button is-style-outline is-style-outline--2"><a class="wp-block-button__link wp-element-button" href="https://oekosozial.at/wien/gesichter-der-vielfalt-guide/station-4-death-is-not-the-end/">Weiter zu Station 4</a></div>
</div>



<p></p>



<h5 class="wp-block-heading"><a href="https://oekosozial.at/wien/gesichter-der-vielfalt-guide/">Zurück zur Übersicht</a></h5>



<p></p>

<p>Die Natur als Gegenüber Das Wort “Biodiversität” ist etwas abstrakt. Mit unserer Ausstellung wollen wir einen besonderen Zugang zu dem eröffnen, was wir recht allgemein darunter zusammenfassen: Die Vielfalt unterschiedlichster Lebewesen, die die Millionenmetropole Wien bewohnen. “Gesichter der Vielfalt” gibt Einblicke in die Vielfalt des Lebendigen.&nbsp; Die Fotografien zweier besonders talentierter Fotografen erlauben uns, unterschiedlichsten Lebewesen von Angesicht zu Angesicht &#8230;</p>
