{"id":5230,"date":"2025-05-21T06:03:51","date_gmt":"2025-05-21T04:03:51","guid":{"rendered":"https:\/\/oekosozial.at\/wien\/?page_id=5230"},"modified":"2026-04-09T21:41:11","modified_gmt":"2026-04-09T19:41:11","slug":"gesichter-der-vielfalt-guide","status":"publish","type":"page","link":"https:\/\/oekosozial.at\/wien\/gesichter-der-vielfalt-guide\/","title":{"rendered":"Gesichter der Vielfalt: Online Guide durch die Ausstellung"},"content":{"rendered":"\n<p>Herzlich Willkommen beim <strong>Online Guide durch die Ausstellung &#8222;Gesichter der Vielfalt&#8220;<\/strong>! <\/p>\n\n\n\n<h5 class=\"wp-block-heading\">Einleitung<\/h5>\n\n\n\n<p>In diesem Raum im Bezirksmuseum Penzing werden bis Ende Juni 2026 Naturfotografien der beiden Fotografen <a href=\"https:\/\/www.instagram.com\/makro.oe\/\">Edward Ehab<\/a> und <a href=\"https:\/\/www.instagram.com\/kaikolodziej\/\">Kai Kolodziej<\/a> ausgestellt.<\/p>\n\n\n\n<p>In<strong> mehreren Stationen<\/strong> bringen wir Ihnen das <strong>Grundthema &#8222;Biodiversit\u00e4t&#8220;<\/strong>. Die Auswahl der Tiere, die sich hier sehen, orientiert sich an dem, was in und um Penzings Gew\u00e4sser lebt. Die inhaltlichen Bausteine lassen sie in die Intention der Ausstellung rund um die <strong>Mensch-Natur-Beziehung<\/strong> eintauchen und vermitteln einzelne Aspekte der Stadt\u00f6kologie, die wir mit minimalen Mitteln herauszuarbeiten versuchen.<\/p>\n\n\n\n<p>In der Ausstellung selbst finden Sie QR-Codes, die sie direkt zu den jeweiligen Stationen f\u00fchren. Diese Seite gibt ihnen einen \u00dcberblick \u00fcber alle Stationen sowie \u00fcber die Gesamtkonzeption und versammelt s\u00e4mtliche Links.<\/p>\n\n\n\n<p><\/p>\n\n\n\n<h5 class=\"wp-block-heading\"><a href=\"https:\/\/oekosozial.at\/wien\/gesichter-der-vielfalt\/station-1-biodiversitaet\">Station 1: Biodiversit\u00e4t<\/a><\/h5>\n\n\n\n<p><\/p>\n\n\n\n<h5 class=\"wp-block-heading\"><a href=\"https:\/\/oekosozial.at\/wien\/station-2-auf-du-und-du\/\">Station 2: Auf Du und Du<\/a><\/h5>\n\n\n\n<p><\/p>\n\n\n\n<h5 class=\"wp-block-heading\"><a href=\"https:\/\/oekosozial.at\/wien\/gesichter-der-vielfalt\/station-4-death-is-not-the-end\/\">Station 4: Death is not the end<\/a><\/h5>\n\n\n\n<p><\/p>\n\n\n\n<h5 class=\"wp-block-heading\"><a href=\"https:\/\/oekosozial.at\/wien\/gesichter-der-vielfalt\/station-5-oekosysteme\/\">Station 5: \u00d6kosysteme: Das komplexe Zusammenspiel in der Natur<\/a><\/h5>\n\n\n\n<p><\/p>\n\n\n\n<h5 class=\"wp-block-heading\"><a href=\"https:\/\/oekosozial.at\/wien\/gesichter-der-vielfalt\/station-6-teil-der-natur\/\">Station 6: Teil der Natur?<\/a><\/h5>\n\n\n\n<p><\/p>\n\n\n\n<h5 class=\"wp-block-heading\"><a href=\"https:\/\/oekosozial.at\/wien\/gesichter-der-vielfalt\/station-7-kein-widerspruch\/\">Station 7: Kein Widerspruch<\/a><\/h5>\n\n\n\n<p><\/p>\n\n\n\n<h5 class=\"wp-block-heading\"><a href=\"https:\/\/oekosozial.at\/wien\/gesichter-der-vielfalt-guide\/schlussworte\/\">Schlussworte<\/a><\/h5>\n\n\n\n<p><\/p>\n\n\n\n<p><\/p>\n\n\n\n<div class=\"wp-block-group is-nowrap is-layout-flex wp-container-core-group-is-layout-ad2f72ca wp-block-group-is-layout-flex\">\n<figure class=\"wp-block-image size-full is-resized\"><img loading=\"lazy\" decoding=\"async\" width=\"500\" height=\"500\" src=\"https:\/\/oekosozial.at\/wien\/wp-content\/uploads\/sites\/4\/2025\/05\/Leichte_sprache_logo.svg-1.png\" alt=\"\" class=\"wp-image-5353\" style=\"width:150px;height:auto\" srcset=\"https:\/\/oekosozial.at\/wien\/wp-content\/uploads\/sites\/4\/2025\/05\/Leichte_sprache_logo.svg-1.png 500w, https:\/\/oekosozial.at\/wien\/wp-content\/uploads\/sites\/4\/2025\/05\/Leichte_sprache_logo.svg-1-300x300.png 300w, https:\/\/oekosozial.at\/wien\/wp-content\/uploads\/sites\/4\/2025\/05\/Leichte_sprache_logo.svg-1-150x150.png 150w, https:\/\/oekosozial.at\/wien\/wp-content\/uploads\/sites\/4\/2025\/05\/Leichte_sprache_logo.svg-1-100x100.png 100w\" sizes=\"auto, (max-width: 500px) 100vw, 500px\" \/><\/figure>\n\n\n\n<p class=\"has-background\" style=\"background-color:#bd79954d;font-size:16px\">Uns ist wichtig: Alle Menschen sollen die Ausstellung gut verstehen k\u00f6nnen. Deshalb gibt es bei uns Erkl\u00e4rungen in einfacher Sprache. Diese sind aber leider erst in Arbeit.<\/p>\n<\/div>\n\n\n\n<p><\/p>\n\n\n\n<p><a href=\"https:\/\/oekosozial.at\/wien\/gesichter-der-vielfalt\/\">[Zur\u00fcck zur allgemeinen Ausstellungsseite]<\/a><\/p>\n\n\n\n<div style=\"height:100px\" aria-hidden=\"true\" class=\"wp-block-spacer\"><\/div>\n\n\n\n<p>Folgende Stationen sind nicht Teil der aktuellen Ausstellung:<\/p>\n\n\n\n<h5 class=\"wp-block-heading\"><a href=\"https:\/\/oekosozial.at\/wien\/gesichter-der-vielfalt\/station-3-durch-die-augen-von-kindern\/\">Station 3: Durch die Augen von Kindern<\/a><\/h5>\n\n\n\n<h5 class=\"wp-block-heading\"><a href=\"https:\/\/oekosozial.at\/wien\/gesichter-der-vielfalt\/station-8-outreach\/\">Station 8: Outreach<\/a><\/h5>\n\n\n\n<p><\/p>\n","protected":false},"excerpt":{"rendered":"<p>Herzlich Willkommen beim Online Guide durch die Ausstellung &#8222;Gesichter der Vielfalt&#8220;! Einleitung In diesem Raum im Bezirksmuseum Penzing werden bis Ende Juni 2026 Naturfotografien der beiden Fotografen Edward Ehab und Kai Kolodziej ausgestellt. In mehreren Stationen bringen wir Ihnen das Grundthema &#8222;Biodiversit\u00e4t&#8220;. Die Auswahl der Tiere, die sich hier sehen, orientiert sich an dem, was in und um Penzings Gew\u00e4sser &#8230;<\/p>\n","protected":false},"author":24,"featured_media":0,"parent":0,"menu_order":0,"comment_status":"closed","ping_status":"closed","template":"","meta":{"footnotes":""},"class_list":["post-5230","page","type-page","status-publish","hentry","no-post-thumbnail"],"_links":{"self":[{"href":"https:\/\/oekosozial.at\/wien\/wp-json\/wp\/v2\/pages\/5230","targetHints":{"allow":["GET"]}}],"collection":[{"href":"https:\/\/oekosozial.at\/wien\/wp-json\/wp\/v2\/pages"}],"about":[{"href":"https:\/\/oekosozial.at\/wien\/wp-json\/wp\/v2\/types\/page"}],"author":[{"embeddable":true,"href":"https:\/\/oekosozial.at\/wien\/wp-json\/wp\/v2\/users\/24"}],"replies":[{"embeddable":true,"href":"https:\/\/oekosozial.at\/wien\/wp-json\/wp\/v2\/comments?post=5230"}],"version-history":[{"count":10,"href":"https:\/\/oekosozial.at\/wien\/wp-json\/wp\/v2\/pages\/5230\/revisions"}],"predecessor-version":[{"id":6174,"href":"https:\/\/oekosozial.at\/wien\/wp-json\/wp\/v2\/pages\/5230\/revisions\/6174"}],"wp:attachment":[{"href":"https:\/\/oekosozial.at\/wien\/wp-json\/wp\/v2\/media?parent=5230"}],"curies":[{"name":"wp","href":"https:\/\/api.w.org\/{rel}","templated":true}]}}

<p>Herzlich Willkommen beim <strong>Online Guide durch die Ausstellung &#8222;Gesichter der Vielfalt&#8220;</strong>! </p>



<h5 class="wp-block-heading">Einleitung</h5>



<p>In diesem Raum im Bezirksmuseum Penzing werden bis Ende Juni 2026 Naturfotografien der beiden Fotografen <a href="https://www.instagram.com/makro.oe/">Edward Ehab</a> und <a href="https://www.instagram.com/kaikolodziej/">Kai Kolodziej</a> ausgestellt.</p>



<p>In<strong> mehreren Stationen</strong> bringen wir Ihnen das <strong>Grundthema &#8222;Biodiversität&#8220;</strong>. Die Auswahl der Tiere, die sich hier sehen, orientiert sich an dem, was in und um Penzings Gewässer lebt. Die inhaltlichen Bausteine lassen sie in die Intention der Ausstellung rund um die <strong>Mensch-Natur-Beziehung</strong> eintauchen und vermitteln einzelne Aspekte der Stadtökologie, die wir mit minimalen Mitteln herauszuarbeiten versuchen.</p>



<p>In der Ausstellung selbst finden Sie QR-Codes, die sie direkt zu den jeweiligen Stationen führen. Diese Seite gibt ihnen einen Überblick über alle Stationen sowie über die Gesamtkonzeption und versammelt sämtliche Links.</p>



<p></p>



<h5 class="wp-block-heading"><a href="https://oekosozial.at/wien/gesichter-der-vielfalt/station-1-biodiversitaet">Station 1: Biodiversität</a></h5>



<p></p>



<h5 class="wp-block-heading"><a href="https://oekosozial.at/wien/station-2-auf-du-und-du/">Station 2: Auf Du und Du</a></h5>



<p></p>



<h5 class="wp-block-heading"><a href="https://oekosozial.at/wien/gesichter-der-vielfalt/station-4-death-is-not-the-end/">Station 4: Death is not the end</a></h5>



<p></p>



<h5 class="wp-block-heading"><a href="https://oekosozial.at/wien/gesichter-der-vielfalt/station-5-oekosysteme/">Station 5: Ökosysteme: Das komplexe Zusammenspiel in der Natur</a></h5>



<p></p>



<h5 class="wp-block-heading"><a href="https://oekosozial.at/wien/gesichter-der-vielfalt/station-6-teil-der-natur/">Station 6: Teil der Natur?</a></h5>



<p></p>



<h5 class="wp-block-heading"><a href="https://oekosozial.at/wien/gesichter-der-vielfalt/station-7-kein-widerspruch/">Station 7: Kein Widerspruch</a></h5>



<p></p>



<h5 class="wp-block-heading"><a href="https://oekosozial.at/wien/gesichter-der-vielfalt-guide/schlussworte/">Schlussworte</a></h5>



<p></p>



<p></p>



<div class="wp-block-group is-nowrap is-layout-flex wp-container-core-group-is-layout-ad2f72ca wp-block-group-is-layout-flex">
<figure class="wp-block-image size-full is-resized"><img loading="lazy" decoding="async" width="500" height="500" src="https://oekosozial.at/wien/wp-content/uploads/sites/4/2025/05/Leichte_sprache_logo.svg-1.png" alt="" class="wp-image-5353" style="width:150px;height:auto" srcset="https://oekosozial.at/wien/wp-content/uploads/sites/4/2025/05/Leichte_sprache_logo.svg-1.png 500w, https://oekosozial.at/wien/wp-content/uploads/sites/4/2025/05/Leichte_sprache_logo.svg-1-300x300.png 300w, https://oekosozial.at/wien/wp-content/uploads/sites/4/2025/05/Leichte_sprache_logo.svg-1-150x150.png 150w, https://oekosozial.at/wien/wp-content/uploads/sites/4/2025/05/Leichte_sprache_logo.svg-1-100x100.png 100w" sizes="auto, (max-width: 500px) 100vw, 500px" /></figure>



<p class="has-background" style="background-color:#bd79954d;font-size:16px">Uns ist wichtig: Alle Menschen sollen die Ausstellung gut verstehen können. Deshalb gibt es bei uns Erklärungen in einfacher Sprache. Diese sind aber leider erst in Arbeit.</p>
</div>



<p></p>



<p><a href="https://oekosozial.at/wien/gesichter-der-vielfalt/">[Zurück zur allgemeinen Ausstellungsseite]</a></p>



<div style="height:100px" aria-hidden="true" class="wp-block-spacer"></div>



<p>Folgende Stationen sind nicht Teil der aktuellen Ausstellung:</p>



<h5 class="wp-block-heading"><a href="https://oekosozial.at/wien/gesichter-der-vielfalt/station-3-durch-die-augen-von-kindern/">Station 3: Durch die Augen von Kindern</a></h5>



<h5 class="wp-block-heading"><a href="https://oekosozial.at/wien/gesichter-der-vielfalt/station-8-outreach/">Station 8: Outreach</a></h5>



<p></p>

<p>Herzlich Willkommen beim Online Guide durch die Ausstellung &#8222;Gesichter der Vielfalt&#8220;! Einleitung In diesem Raum im Bezirksmuseum Penzing werden bis Ende Juni 2026 Naturfotografien der beiden Fotografen Edward Ehab und Kai Kolodziej ausgestellt. In mehreren Stationen bringen wir Ihnen das Grundthema &#8222;Biodiversität&#8220;. Die Auswahl der Tiere, die sich hier sehen, orientiert sich an dem, was in und um Penzings Gewässer &#8230;</p>
