{"id":5199,"date":"2026-04-14T08:50:30","date_gmt":"2026-04-14T06:50:30","guid":{"rendered":"https:\/\/oekosozial.at\/wien\/?page_id=5199"},"modified":"2026-04-14T08:50:58","modified_gmt":"2026-04-14T06:50:58","slug":"club-natur-naturerfahrungen","status":"publish","type":"page","link":"https:\/\/oekosozial.at\/wien\/was-wir-tun\/club-natur-naturerfahrungen\/","title":{"rendered":"Club Natur &#8211; Naturerfahrungen"},"content":{"rendered":"\n<p><strong>Wiens sch\u00f6ne Stadtnatur gemeinsam erleben!<\/strong><\/p>\n\n\n\n<p>Die Natur tut gut und ist gesund. Bei Club Natur suchen wir uns im Rahmen einer Natur- und Selbsterfahrung in der kleinen Gruppe Wiens sch\u00f6ne Naturr\u00e4ume auf. Einfache \u00dcbungen zur Selbsterfahrung und Entspannung wechseln sich mit Wegpassagen und Zeit zur Entspannung ab.<\/p>\n\n\n\n<p>F\u00fcr die Teilnahme an den Club Natur Naturerfahrungen m\u00fcssen Sie mit den Teilnahmebedingungen einverstanden sein! Den <strong>Link zur Anmeldung finden Sie dann am unteren Seitenende<\/strong>. Die Details (z.B. Treffpunkt) senden wir Ihnen dann nach ihrer Anmeldung per Mail zu!<\/p>\n\n\n\n<p><strong>Termine 2025: <\/strong><\/p>\n\n\n\n<ul class=\"wp-block-list\">\n<li>30. April 2025 &#8211; 15.30 bis 18.30 Uhr (Steinhof)<\/li>\n\n\n\n<li>23. Mai 2025 &#8211; 14.00 bis 17.00 Uhr (Donaupark)<\/li>\n\n\n\n<li>20. Juni 2025 &#8211; 14.00 bis 17.00 Uhr (Neuwaldegg)<\/li>\n<\/ul>\n\n\n\n<p>Die folgenden Hinweise sind zur besseren Verst\u00e4ndlichkeit in Leichter Sprache verfasst. Sie sind zugleich die Teilnahmebedingungen.<\/p>\n\n\n\n<div class=\"wp-block-columns is-layout-flex wp-container-core-columns-is-layout-9d6595d7 wp-block-columns-is-layout-flex\">\n<div class=\"wp-block-column is-layout-flow wp-block-column-is-layout-flow\" style=\"flex-basis:33.33%\">\n<figure class=\"wp-block-image size-full is-resized\"><img loading=\"lazy\" decoding=\"async\" width=\"450\" height=\"446\" src=\"https:\/\/oekosozial.at\/wien\/wp-content\/uploads\/sites\/4\/2025\/10\/Einfache_Sprache_Logo-removebg-preview.png\" alt=\"\" class=\"wp-image-5898\" style=\"width:179px;height:auto\" srcset=\"https:\/\/oekosozial.at\/wien\/wp-content\/uploads\/sites\/4\/2025\/10\/Einfache_Sprache_Logo-removebg-preview.png 450w, https:\/\/oekosozial.at\/wien\/wp-content\/uploads\/sites\/4\/2025\/10\/Einfache_Sprache_Logo-removebg-preview-300x297.png 300w, https:\/\/oekosozial.at\/wien\/wp-content\/uploads\/sites\/4\/2025\/10\/Einfache_Sprache_Logo-removebg-preview-150x150.png 150w, https:\/\/oekosozial.at\/wien\/wp-content\/uploads\/sites\/4\/2025\/10\/Einfache_Sprache_Logo-removebg-preview-100x99.png 100w\" sizes=\"auto, (max-width: 450px) 100vw, 450px\" \/><\/figure>\n<\/div>\n\n\n\n<div class=\"wp-block-column is-layout-flow wp-block-column-is-layout-flow\" style=\"flex-basis:66.66%\"><\/div>\n<\/div>\n\n\n\n<p style=\"text-decoration:underline\"><strong>TEILNAHMEBEDINGUNGEN<\/strong> <\/p>\n\n\n\n<p style=\"text-decoration:underline\">(<a href=\"https:\/\/oekosozial.at\/wien\/wp-content\/uploads\/sites\/4\/2025\/04\/Club-Natur-pdf-quer.pdf\">Auch als pdf<\/a>)<\/p>\n\n\n\n<ul class=\"wp-block-list\">\n<li>Wir sind eine <strong>kleine Gruppe<\/strong> &#8211; circa 8 bis 12 Personen.<\/li>\n\n\n\n<li>Wir achten vor Ort gut auf uns selbst und aufeinander.<\/li>\n\n\n\n<li>Du kannst mit <strong>\u00f6ffentlichen Verkehrsmitteln<\/strong> anreisen. Den Treffpunkt erf\u00e4hrst du bei der Anmeldung.<\/li>\n\n\n\n<li>Wir gehen auf <strong>markierten Wegen<\/strong>. Komm in bequemer <strong>Freizeitkleidung (Outdoor) und mit festen Schuhen<\/strong>.<\/li>\n\n\n\n<li>Wenn die Sonne scheint, bring bitte <strong>Sonnenschutz<\/strong> mit (Sonnencreme, Kappe, Sonnenbrille).<\/li>\n\n\n\n<li>Wir machen eine Pause.<\/li>\n\n\n\n<li>Nimm <strong>genug Wasser und eine kleine Jause<\/strong> mit.<\/li>\n\n\n\n<li>Wenn es regnet, ein starker Wind geht oder es sehr hei\u00df ist f\u00e4llt Club Natur leider aus.<\/li>\n<\/ul>\n\n\n\n<p class=\"has-vivid-red-color has-text-color has-link-color wp-elements-942e1002c9dffe27f000b8bc631392b7\"><strong>WICHTIGE HINWEISE ZUR GESUNDHEIT<\/strong><\/p>\n\n\n\n<ul class=\"wp-block-list\">\n<li>Du solltest ein bisschen Ausdauer haben.<\/li>\n\n\n\n<li>Wir sind <strong>3 Stunden<\/strong> drau\u00dfen.<\/li>\n\n\n\n<li>Wir <strong>achten darauf, wie es uns geht und helfen uns gegenseitig.<\/strong><strong><\/strong><\/li>\n\n\n\n<li>Wir machen Pausen, wenn wir sie brauchen.<\/li>\n\n\n\n<li>Wenn du <strong>gesundheitliche Probleme<\/strong> hast &#8211; zum Beispiel Allergien, Verletzungen oder Krankheiten &#8211; <strong>sag das bitte unbedingt <\/strong>bei der Anmeldung und auch vor Ort.<\/li>\n\n\n\n<li>Eine g\u00fcltige <strong>FSME-Impfung<\/strong> (&#8222;Zecken-Impfung&#8220;) sch\u00fctzt dich vor FSME.<\/li>\n\n\n\n<li><strong>Du kannst nur teilnehmen, wenn es dir gesundheitlich gut geht.<\/strong><strong><\/strong><\/li>\n\n\n\n<li><strong>Du musst n\u00fcchtern sein, um teilzunehmen.<\/strong><\/li>\n<\/ul>\n\n\n\n<div class=\"wp-block-buttons is-layout-flex wp-block-buttons-is-layout-flex\">\n<div class=\"wp-block-button\"><a class=\"wp-block-button__link has-black-color has-text-color has-background has-link-color wp-element-button\" href=\"https:\/\/www.termino.gv.at\/meet\/de\/b\/06fa519a3a2fae92195819bda7b9ea1d-443942\" style=\"background-color:#94c11c\">ANMELDELINK<\/a><\/div>\n<\/div>\n\n\n\n<p><\/p>\n","protected":false},"excerpt":{"rendered":"<p>Wiens sch\u00f6ne Stadtnatur gemeinsam erleben! Die Natur tut gut und ist gesund. Bei Club Natur suchen wir uns im Rahmen einer Natur- und Selbsterfahrung in der kleinen Gruppe Wiens sch\u00f6ne Naturr\u00e4ume auf. Einfache \u00dcbungen zur Selbsterfahrung und Entspannung wechseln sich mit Wegpassagen und Zeit zur Entspannung ab. F\u00fcr die Teilnahme an den Club Natur Naturerfahrungen m\u00fcssen Sie mit den Teilnahmebedingungen &#8230;<\/p>\n","protected":false},"author":24,"featured_media":0,"parent":4532,"menu_order":0,"comment_status":"closed","ping_status":"closed","template":"","meta":{"footnotes":""},"class_list":["post-5199","page","type-page","status-publish","hentry","no-post-thumbnail"],"_links":{"self":[{"href":"https:\/\/oekosozial.at\/wien\/wp-json\/wp\/v2\/pages\/5199","targetHints":{"allow":["GET"]}}],"collection":[{"href":"https:\/\/oekosozial.at\/wien\/wp-json\/wp\/v2\/pages"}],"about":[{"href":"https:\/\/oekosozial.at\/wien\/wp-json\/wp\/v2\/types\/page"}],"author":[{"embeddable":true,"href":"https:\/\/oekosozial.at\/wien\/wp-json\/wp\/v2\/users\/24"}],"replies":[{"embeddable":true,"href":"https:\/\/oekosozial.at\/wien\/wp-json\/wp\/v2\/comments?post=5199"}],"version-history":[{"count":3,"href":"https:\/\/oekosozial.at\/wien\/wp-json\/wp\/v2\/pages\/5199\/revisions"}],"predecessor-version":[{"id":6219,"href":"https:\/\/oekosozial.at\/wien\/wp-json\/wp\/v2\/pages\/5199\/revisions\/6219"}],"up":[{"embeddable":true,"href":"https:\/\/oekosozial.at\/wien\/wp-json\/wp\/v2\/pages\/4532"}],"wp:attachment":[{"href":"https:\/\/oekosozial.at\/wien\/wp-json\/wp\/v2\/media?parent=5199"}],"curies":[{"name":"wp","href":"https:\/\/api.w.org\/{rel}","templated":true}]}}