{"id":5048,"date":"2024-12-14T12:52:45","date_gmt":"2024-12-14T11:52:45","guid":{"rendered":"https:\/\/oekosozial.at\/wien\/?page_id=5048"},"modified":"2025-11-10T18:43:09","modified_gmt":"2025-11-10T17:43:09","slug":"berichte","status":"publish","type":"page","link":"https:\/\/oekosozial.at\/wien\/berichte\/","title":{"rendered":"Jahresberichte des \u00d6kosozialen Forums Wien"},"content":{"rendered":"\n<h5 class=\"wp-block-heading\"><a href=\"https:\/\/oekosozial.at\/wien\/wp-content\/uploads\/sites\/4\/2022\/08\/Jahresbericht-Oekosoziales-Forum-Wien-2021.pdf\">Jahresbericht 2021<\/a><\/h5>\n\n\n\n<p><\/p>\n\n\n\n<h5 class=\"wp-block-heading\"><a href=\"https:\/\/oekosozial.at\/wien\/wp-content\/uploads\/sites\/4\/2023\/07\/Jahresbericht_2022_Oekosoziales-Forum-Wien_final.pdf\">Jahresbericht 2022: N\u00e4hrende Natur<\/a><\/h5>\n\n\n\n<p><\/p>\n\n\n\n<h5 class=\"wp-block-heading\"><a href=\"https:\/\/oekosozial.at\/wien\/wp-content\/uploads\/sites\/4\/2024\/12\/OeSF-Wien_Jahresbericht_2023.pdf\">Jahresbericht 2023: Mit der \u00d6kosozialen Idee bei den Menschen<\/a><\/h5>\n\n\n\n<p>Die Neuwahl des Vorstands hat uns 2023 intensiv \u00fcber unsere programmatische Ausrichtung und unseren Arbeitsfokus nachdenken lassen. Der Titel unseres Jahresberichtes fasst zusammen, was uns dabei am wichtigsten ist: <em>Mit der \u00d6kosozialen Idee bei den Menschen<\/em> zu sein.<\/p>\n\n\n\n<p><\/p>\n\n\n\n<h5 class=\"wp-block-heading\"><a href=\"https:\/\/oekosozial.at\/wien\/wp-content\/uploads\/sites\/4\/2025\/11\/OeSF-Wien_Jahresbericht_2024_fin.pdf\">Jahresbericht 2024: Mit der \u00d6kosozialen Idee bei den Menschen &#8211; seit 25 Jahren<\/a><\/h5>\n\n\n\n<p>In diesem besonderen Jahr hat unser Verein sein 25-j\u00e4hriges Bestehen mit einer Reihe an Aktivit\u00e4ten und einem Festakt gefeiert.<\/p>\n\n\n\n<p><\/p>\n\n\n\n<h5 class=\"wp-block-heading\">Jahresbericht 2025<\/h5>\n\n\n\n<p>Der Jahresbericht 2025 steht nach Beendigung des Arbeitsjahres und Annahme durch den Vorstand f\u00fcr Sie zur Verf\u00fcgung.<\/p>\n\n\n\n<p><\/p>\n","protected":false},"excerpt":{"rendered":"<p>Jahresbericht 2021 Jahresbericht 2022: N\u00e4hrende Natur Jahresbericht 2023: Mit der \u00d6kosozialen Idee bei den Menschen Die Neuwahl des Vorstands hat uns 2023 intensiv \u00fcber unsere programmatische Ausrichtung und unseren Arbeitsfokus nachdenken lassen. Der Titel unseres Jahresberichtes fasst zusammen, was uns dabei am wichtigsten ist: Mit der \u00d6kosozialen Idee bei den Menschen zu sein. Jahresbericht 2024: Mit der \u00d6kosozialen Idee bei &#8230;<\/p>\n","protected":false},"author":24,"featured_media":0,"parent":0,"menu_order":0,"comment_status":"closed","ping_status":"closed","template":"","meta":{"footnotes":""},"class_list":["post-5048","page","type-page","status-publish","hentry","no-post-thumbnail"],"_links":{"self":[{"href":"https:\/\/oekosozial.at\/wien\/wp-json\/wp\/v2\/pages\/5048","targetHints":{"allow":["GET"]}}],"collection":[{"href":"https:\/\/oekosozial.at\/wien\/wp-json\/wp\/v2\/pages"}],"about":[{"href":"https:\/\/oekosozial.at\/wien\/wp-json\/wp\/v2\/types\/page"}],"author":[{"embeddable":true,"href":"https:\/\/oekosozial.at\/wien\/wp-json\/wp\/v2\/users\/24"}],"replies":[{"embeddable":true,"href":"https:\/\/oekosozial.at\/wien\/wp-json\/wp\/v2\/comments?post=5048"}],"version-history":[{"count":9,"href":"https:\/\/oekosozial.at\/wien\/wp-json\/wp\/v2\/pages\/5048\/revisions"}],"predecessor-version":[{"id":5933,"href":"https:\/\/oekosozial.at\/wien\/wp-json\/wp\/v2\/pages\/5048\/revisions\/5933"}],"wp:attachment":[{"href":"https:\/\/oekosozial.at\/wien\/wp-json\/wp\/v2\/media?parent=5048"}],"curies":[{"name":"wp","href":"https:\/\/api.w.org\/{rel}","templated":true}]}}