{"id":4615,"date":"2024-05-28T19:20:20","date_gmt":"2024-05-28T17:20:20","guid":{"rendered":"https:\/\/oekosozial.at\/wien\/?page_id=4615"},"modified":"2024-07-31T16:26:19","modified_gmt":"2024-07-31T14:26:19","slug":"wissensportal-agenda-2030","status":"publish","type":"page","link":"https:\/\/oekosozial.at\/wien\/wissensportal-agenda-2030\/","title":{"rendered":"WISSENSPORTAL | Agenda 2030"},"content":{"rendered":"\n<p><a href=\"https:\/\/www.un.org\/depts\/german\/gv-70\/band1\/ar70001.pdf\">Zum Resolutionstext der Agenda 2030<\/a><\/p>\n\n\n<p><a href=\"https:\/\/oekosozial.at\/wien\/perspektiven2030-buch\/\"><strong><img loading=\"lazy\" decoding=\"async\" class=\"wp-image-1987 alignleft\" src=\"https:\/\/oekosozial.at\/wien\/wp-content\/uploads\/sites\/4\/2020\/07\/urban-future-edition_Buch_Perspektiven2030.jpg\" alt=\"\" width=\"183\" height=\"183\" srcset=\"https:\/\/oekosozial.at\/wien\/wp-content\/uploads\/sites\/4\/2020\/07\/urban-future-edition_Buch_Perspektiven2030.jpg 750w, https:\/\/oekosozial.at\/wien\/wp-content\/uploads\/sites\/4\/2020\/07\/urban-future-edition_Buch_Perspektiven2030-300x300.jpg 300w, https:\/\/oekosozial.at\/wien\/wp-content\/uploads\/sites\/4\/2020\/07\/urban-future-edition_Buch_Perspektiven2030-150x150.jpg 150w, https:\/\/oekosozial.at\/wien\/wp-content\/uploads\/sites\/4\/2020\/07\/urban-future-edition_Buch_Perspektiven2030-100x100.jpg 100w\" sizes=\"auto, (max-width: 183px) 100vw, 183px\" \/><span style=\"font-size: 12pt;color: #99cc00\">Buch &#8222;Perspektiven 2030&#8220;<\/span><\/strong> <\/a><\/p>\n<p>Erschienen im September 2020 &#8211; gemeinsam mit dem Institut f\u00fcr Umwelt, Friede und Entwicklung (IUFE) in der Urban Future Edition herausgegeben.<\/p>\n<p><span style=\"color: #99cc00\"><a style=\"color: #99cc00\" href=\"https:\/\/oekosozial.at\/wien\/perspektiven2030-buch\/\">[zur Buchvorstellung]<\/a><\/span><\/p>\n<p>\u00a0<\/p>\n<hr \/>\n<p><a href=\"https:\/\/oekosozial.at\/wien\/sdg-kommunalcheck-fuer-investitionsprojekte\/\"><strong><span style=\"color: #008000;font-size: 14pt\"><img loading=\"lazy\" decoding=\"async\" class=\"wp-image-2360 alignleft\" src=\"https:\/\/oekosozial.at\/wien\/wp-content\/uploads\/sites\/4\/2021\/03\/SDG-Kommunalcheck_Mockup.png\" alt=\"\" width=\"186\" height=\"186\" srcset=\"https:\/\/oekosozial.at\/wien\/wp-content\/uploads\/sites\/4\/2021\/03\/SDG-Kommunalcheck_Mockup.png 670w, https:\/\/oekosozial.at\/wien\/wp-content\/uploads\/sites\/4\/2021\/03\/SDG-Kommunalcheck_Mockup-300x300.png 300w, https:\/\/oekosozial.at\/wien\/wp-content\/uploads\/sites\/4\/2021\/03\/SDG-Kommunalcheck_Mockup-150x150.png 150w, https:\/\/oekosozial.at\/wien\/wp-content\/uploads\/sites\/4\/2021\/03\/SDG-Kommunalcheck_Mockup-100x100.png 100w\" sizes=\"auto, (max-width: 186px) 100vw, 186px\" \/><span style=\"font-size: 12pt;color: #99cc00\">SDG-Kommunalcheck f\u00fcr Investitionsprojekte<\/span><\/span><\/strong><\/a><\/p>\n<p>Erschienen im M\u00e4rz 2021 &#8211; gemeinsam mit dem Institut f\u00fcr Umwelt, Friede und Entwicklung (IUFE) und dem KDZ- Zentrum f\u00fcr Verwaltungsforschung<\/p>\n<p><span style=\"color: #99cc00\"><a style=\"color: #99cc00\" href=\"https:\/\/oekosozial.at\/wien\/sdg-kommunalcheck-fuer-investitionsprojekte\/\">[mehr Infos]<\/a><\/span><\/p>\n<p><span style=\"color: #99cc00\"><a style=\"color: #99cc00\" href=\"https:\/\/www.kdz.eu\/de\/wissen\/fpm\/oeffentliche-finanzen-steuern\">[Beitrag \u00fcber den Kommunalcheck in der Zeitschrift &#8222;Forum Public Management&#8220;]<\/a><\/span><\/p>\n<p>\u00a0<\/p>\n<hr \/>\n<p><img loading=\"lazy\" decoding=\"async\" class=\"wp-image-4814 alignleft\" src=\"https:\/\/oekosozial.at\/wien\/wp-content\/uploads\/sites\/4\/2024\/07\/SDG-Tafeln.png\" alt=\"\" width=\"184\" height=\"230\" \/><\/p>\n<p><strong>SDG-Infotafeln<\/strong><\/p>\n<p>Die SDG-Infotafeln sind in Kooperation mit den SDG-Botschafter:innen, dem Verein \u00d6kovernetzung und der Lokalen Agenda Wien entstanden.\u00a0<\/p>\n<p>Die Grafikdateien k\u00f6nnen kostenlos downgeloadet und unter Angabe der Urheber:innenschaft verwendet werden.\u00a0<\/p>\n<p>Die Tafeln sind in Alucompound auf A2 ausgefertigt bei der <a href=\"https:\/\/www.la21wien.at\/home.html\">Lokalen Agenda Wien<\/a> f\u00fcr Ausstellungen entlehnbar (auch f\u00fcr Outdoor geeignet).<\/p>\n<p><a href=\"https:\/\/oekosozial.at\/wien\/wp-content\/uploads\/sites\/4\/2024\/07\/SDG_Infotafeln-final-red.pdf\">Tafeln zum Download<\/a><\/p>\n<p>Druckdaten in h\u00f6herer Qualit\u00e4t auf Anfrage verf\u00fcgbar.<\/p>\n<p><a href=\"https:\/\/oekosozial.at\/wien\/sdg-tafeln\/\">Zum Websitebeitrag<\/a><\/p>\n<hr \/>\n<p><span style=\"color: #008000\"><strong>SDG Watch Austria &#8211; Zusammenschluss von \u00fcber 200 Organisationen f\u00fcr die Agenda 2030<\/strong><\/span><\/p>\n<p><!--more--><img loading=\"lazy\" decoding=\"async\" class=\" wp-image-2661 alignleft\" src=\"https:\/\/oekosozial.at\/wien\/wp-content\/uploads\/sites\/4\/2021\/12\/37092717720_5dd80bc413_c-300x200.jpg\" alt=\"\" width=\"200\" height=\"133\" srcset=\"https:\/\/oekosozial.at\/wien\/wp-content\/uploads\/sites\/4\/2021\/12\/37092717720_5dd80bc413_c-300x200.jpg 300w, https:\/\/oekosozial.at\/wien\/wp-content\/uploads\/sites\/4\/2021\/12\/37092717720_5dd80bc413_c-768x512.jpg 768w, https:\/\/oekosozial.at\/wien\/wp-content\/uploads\/sites\/4\/2021\/12\/37092717720_5dd80bc413_c-100x67.jpg 100w, https:\/\/oekosozial.at\/wien\/wp-content\/uploads\/sites\/4\/2021\/12\/37092717720_5dd80bc413_c-758x506.jpg 758w, https:\/\/oekosozial.at\/wien\/wp-content\/uploads\/sites\/4\/2021\/12\/37092717720_5dd80bc413_c.jpg 799w\" sizes=\"auto, (max-width: 200px) 100vw, 200px\" \/>Wir sind Mitglied bei SDG Watch Austria &#8211; einem <strong>Zusammenschluss von mehr als 200 zivilgesellschaftlichen und gemeinn\u00fctzigen Organisationen. <\/strong>Diese setzen sich gemeinsam f\u00fcr eine ambitio<span style=\"font-size: 12pt\">nierte Umsetzung der Agenda 2030 und ihrer 17 Ziele f\u00fcr Nachhaltige Entwicklung (Sustainable Development Goals, SDGs) in \u00d6sterreich ein. <\/span><\/p>\n<p><span style=\"font-size: 12pt;color: #99cc00\">[Mehr auf <a style=\"color: #99cc00\" href=\"https:\/\/sdgwatch.at\/de\/\">sdgwatch.at]<\/a><\/span><\/p>\n<hr \/>\n<p><strong><span style=\"color: #008000\">Agenda 2030 und SDGs in Wien<\/span><\/strong><\/p>\n<p><img loading=\"lazy\" decoding=\"async\" class=\" wp-image-2653 alignleft\" src=\"https:\/\/oekosozial.at\/wien\/wp-content\/uploads\/sites\/4\/2021\/12\/SMCR-214x300.jpg\" alt=\"\" width=\"115\" height=\"162\" srcset=\"https:\/\/oekosozial.at\/wien\/wp-content\/uploads\/sites\/4\/2021\/12\/SMCR-214x300.jpg 214w, https:\/\/oekosozial.at\/wien\/wp-content\/uploads\/sites\/4\/2021\/12\/SMCR-100x140.jpg 100w, https:\/\/oekosozial.at\/wien\/wp-content\/uploads\/sites\/4\/2021\/12\/SMCR.jpg 368w\" sizes=\"auto, (max-width: 115px) 100vw, 115px\" \/><span style=\"color: #000000\">Die Agenda 2030 und die SDGs haben in Wien hohe Bedeutung. Neben vielen Einzelaktivit\u00e4ten wurde mit der<strong> S<\/strong><\/span><span style=\"color: #000000\"><strong>mart City Wien Rahmenstrategie<\/strong> auch eine an der Agenda 2030 und den SDGs ausgerichtete <strong>Leitstrategie f\u00fcr nachhaltige Entwicklung<\/strong> vorgelegt. Als Leitziele bzw. Dimensionen wurden die drei Themen <\/span><span style=\"color: #000000\">Lebensqualit\u00e4t, Ressourcenschonung, Innovation definiert. <\/span><\/p>\n<p><span style=\"color: #000000\">Die Strategien f\u00fcr s\u00e4mtliche Sektoren orientieren sich an der SMCR und damit an der Agenda 2030.\u00a0<\/span><\/p>\n<p><span style=\"color: #99cc00\"><a style=\"color: #99cc00\" href=\"https:\/\/oekosozial.at\/wien\/smart-city-wien-rahmenstragegie\/\">[Mehr Infos und Downloadlink ]<\/a><\/span><\/p>\n<hr \/>\n<p><span style=\"color: #008000\"><strong>Weitere Links:<\/strong><\/span><\/p>\n<ul>\n<li><span style=\"color: #99cc00\"><a style=\"color: #99cc00\" href=\"https:\/\/www.wien.gv.at\/politik\/international\/sdgs.html\">Agenda 2030 und SDGs auf der Website der Stadt Wien<\/a><\/span><\/li>\n<li><span style=\"color: #99cc00\"><a style=\"color: #99cc00\" href=\"https:\/\/www.staedtebund.gv.at\/themen\/agenda-2030-un-sdgs\/\">Agenda 2030 und SDGs beim \u00d6sterreichischen St\u00e4dtebund<\/a><\/span><\/li>\n<li><span style=\"color: #99cc00\"><a style=\"color: #99cc00\" href=\"https:\/\/agenda2030.at\/\">Informationsplattform &#8222;Agenda 2030 f\u00fcr St\u00e4dte und Gemeinden&#8220;<\/a><\/span><\/li>\n<\/ul>\n<p><strong style=\"color: #008000;font-size: revert\">Materialien und Beispielsammlungen f\u00fcr die Lokale Ebene:\u00a0<\/strong><\/p>\n<ul>\n<li><span style=\"color: #99cc00\"><a style=\"color: #99cc00\" href=\"https:\/\/oekovernetzung.at\/events\/sdg-tafeln\/\">SDG-Infotafeln auf der Website des &#8222;\u00d6kovernetzungs-F\u00f6rdervereins \u00d6VFV&#8220;<\/a><\/span><\/li>\n<li><span style=\"color: #99cc00\"><a style=\"color: #99cc00\" href=\"https:\/\/wien.klimabuendnis.at\/images\/doku\/KBU_sdg_broschuere_210x210mm.pdf\">Leitfaden &#8222;17 Ziele f\u00fcr nachhaltige Entwicklung &#8211; lokal gemeistert&#8220; des Klimab\u00fcndnis \u00d6sterreich.<\/a><\/span><\/li>\n<li><span style=\"color: #99cc00\"><a style=\"color: #99cc00\" href=\"https:\/\/oekosozial.at\/publikationen-2\/oekosoziale-gemeindekompasse\/\">\u00d6kosoziale Gemeindekompasse zu Themen wie Kreislaufwirtschaft, Klimawandelanpassung, Biodiversit\u00e4tsf\u00f6rderung oder Mobilit\u00e4t &#8211; mit zahlreichen Good-Practise Beispielen<\/a><\/span><\/li>\n<\/ul>\n<hr \/>\n<p>In unserem<span style=\"color: #99cc00\">\u00a0<strong><a style=\"color: #99cc00\" href=\"https:\/\/oekosozial.at\/wien\/category\/publikationen\/\">Publikationsbereich<\/a><\/strong> <\/span>finden sie weitere Beitr\u00e4ge zur Agenda 2030 und den SDGs.<\/p>\n<p><em>#sdgs #agenda2030 #sdgsumsetzen #perspektiven2030 #ACT4SDGs\u00a0<\/em><\/p>\n\n\n<p><\/p>\n","protected":false},"excerpt":{"rendered":"<p>Zum Resolutionstext der Agenda 2030 Buch &#8222;Perspektiven 2030&#8220; Erschienen im September 2020 &#8211; gemeinsam mit dem Institut f\u00fcr Umwelt, Friede und Entwicklung (IUFE) in der Urban Future Edition herausgegeben. [zur Buchvorstellung] \u00a0 SDG-Kommunalcheck f\u00fcr Investitionsprojekte Erschienen im M\u00e4rz 2021 &#8211; gemeinsam mit dem Institut f\u00fcr Umwelt, Friede und Entwicklung (IUFE) und dem KDZ- Zentrum f\u00fcr Verwaltungsforschung [mehr Infos] [Beitrag \u00fcber &#8230;<\/p>\n","protected":false},"author":24,"featured_media":0,"parent":0,"menu_order":0,"comment_status":"closed","ping_status":"closed","template":"","meta":{"footnotes":""},"class_list":["post-4615","page","type-page","status-publish","hentry","no-post-thumbnail"],"_links":{"self":[{"href":"https:\/\/oekosozial.at\/wien\/wp-json\/wp\/v2\/pages\/4615","targetHints":{"allow":["GET"]}}],"collection":[{"href":"https:\/\/oekosozial.at\/wien\/wp-json\/wp\/v2\/pages"}],"about":[{"href":"https:\/\/oekosozial.at\/wien\/wp-json\/wp\/v2\/types\/page"}],"author":[{"embeddable":true,"href":"https:\/\/oekosozial.at\/wien\/wp-json\/wp\/v2\/users\/24"}],"replies":[{"embeddable":true,"href":"https:\/\/oekosozial.at\/wien\/wp-json\/wp\/v2\/comments?post=4615"}],"version-history":[{"count":10,"href":"https:\/\/oekosozial.at\/wien\/wp-json\/wp\/v2\/pages\/4615\/revisions"}],"predecessor-version":[{"id":4842,"href":"https:\/\/oekosozial.at\/wien\/wp-json\/wp\/v2\/pages\/4615\/revisions\/4842"}],"wp:attachment":[{"href":"https:\/\/oekosozial.at\/wien\/wp-json\/wp\/v2\/media?parent=4615"}],"curies":[{"name":"wp","href":"https:\/\/api.w.org\/{rel}","templated":true}]}}