{"id":79,"date":"2017-04-26T12:22:13","date_gmt":"2017-04-26T10:22:13","guid":{"rendered":"https:\/\/oekosozial.at\/oberoesterreich\/?page_id=79"},"modified":"2024-12-16T13:19:36","modified_gmt":"2024-12-16T12:19:36","slug":"der-neue-vorstand","status":"publish","type":"page","link":"https:\/\/oekosozial.at\/oberoesterreich\/der-neue-vorstand\/","title":{"rendered":"Der Vorstand"},"content":{"rendered":"<p>Obmann: LT-Pr\u00e4sident Max Hiegelsberger<br \/>Obmann-Stellvertreterin: Mag. Daniela Fuchshuber<br \/>Gesch\u00e4ftsf\u00fchrerin: DI Anni Pichler<br \/>Schriftf\u00fchrerin: Dir. Ing. Mag. Dr. Leopoldine Weinzierl<br \/>Schulung und Bildung: Bgm. LSI Ing. Johann Plakolm<br \/>Kassier: VD Mag. Reinhard Schwendtbauer<br \/>Vorstandsmitglied: Dir. Ing Wolfgang Wallner<br \/>Vorstandmitglied: GF Leader Region Susanne Kreinecker<br \/>Vorstandsmitglied: MMag. Michael Baminger<br \/>Vorstandsmitglied: DI Dr. Claudia Probst<br \/>BeiratsVorsitzender: Mag. Gregor Dietachmayr<br \/>Rechnungspr\u00fcfer: Bgm. Barbara Payreder<br \/>Rechnungspr\u00fcfer: NR Ing. Manfred Hofinger<\/p>\n\n\n<figure class=\"wp-block-image size-large\"><img loading=\"lazy\" decoding=\"async\" width=\"1024\" height=\"683\" src=\"https:\/\/oekosozial.at\/oberoesterreich\/wp-content\/uploads\/sites\/5\/2023\/10\/Oekosoziales-Forum-OOe_Vorstand-und-Beirat-bearbeitet-1024x683.jpg\" alt=\"\" class=\"wp-image-934\" srcset=\"https:\/\/oekosozial.at\/oberoesterreich\/wp-content\/uploads\/sites\/5\/2023\/10\/Oekosoziales-Forum-OOe_Vorstand-und-Beirat-bearbeitet-1024x683.jpg 1024w, https:\/\/oekosozial.at\/oberoesterreich\/wp-content\/uploads\/sites\/5\/2023\/10\/Oekosoziales-Forum-OOe_Vorstand-und-Beirat-bearbeitet-300x200.jpg 300w, https:\/\/oekosozial.at\/oberoesterreich\/wp-content\/uploads\/sites\/5\/2023\/10\/Oekosoziales-Forum-OOe_Vorstand-und-Beirat-bearbeitet-768x512.jpg 768w, https:\/\/oekosozial.at\/oberoesterreich\/wp-content\/uploads\/sites\/5\/2023\/10\/Oekosoziales-Forum-OOe_Vorstand-und-Beirat-bearbeitet-1536x1024.jpg 1536w, https:\/\/oekosozial.at\/oberoesterreich\/wp-content\/uploads\/sites\/5\/2023\/10\/Oekosoziales-Forum-OOe_Vorstand-und-Beirat-bearbeitet-2048x1365.jpg 2048w, https:\/\/oekosozial.at\/oberoesterreich\/wp-content\/uploads\/sites\/5\/2023\/10\/Oekosoziales-Forum-OOe_Vorstand-und-Beirat-bearbeitet-100x67.jpg 100w, https:\/\/oekosozial.at\/oberoesterreich\/wp-content\/uploads\/sites\/5\/2023\/10\/Oekosoziales-Forum-OOe_Vorstand-und-Beirat-bearbeitet-758x505.jpg 758w, https:\/\/oekosozial.at\/oberoesterreich\/wp-content\/uploads\/sites\/5\/2023\/10\/Oekosoziales-Forum-OOe_Vorstand-und-Beirat-bearbeitet-968x645.jpg 968w\" sizes=\"auto, (max-width: 1024px) 100vw, 1024px\" \/><figcaption class=\"wp-element-caption\">Vorstand \u00d6SFO\u00d6 v.l.n.r: Barbara Payreder, Wolfgang Wallner, GF Anni Pichler, Martin Donat, Daniela Fuchshuber, Gregor Dietachmayr, Obmann Max Hiegelsberger, Thomas M\u00e4rzinger, Barbara Probst, Susanne Kreinecker, Leopoldine Weinzierl, Reinhard Schwendtbauer, Johann Lefenda, Walter Lederhilger<\/figcaption><\/figure>\n","protected":false},"excerpt":{"rendered":"<p>Obmann: LT-Pr\u00e4sident Max HiegelsbergerObmann-Stellvertreterin: Mag. Daniela FuchshuberGesch\u00e4ftsf\u00fchrerin: DI Anni PichlerSchriftf\u00fchrerin: Dir. Ing. Mag. Dr. Leopoldine WeinzierlSchulung und Bildung: Bgm. LSI Ing. Johann PlakolmKassier: VD Mag. Reinhard SchwendtbauerVorstandsmitglied: Dir. Ing Wolfgang WallnerVorstandmitglied: GF Leader Region Susanne KreineckerVorstandsmitglied: MMag. Michael BamingerVorstandsmitglied: DI Dr. Claudia ProbstBeiratsVorsitzender: Mag. Gregor DietachmayrRechnungspr\u00fcfer: Bgm. Barbara PayrederRechnungspr\u00fcfer: NR Ing. Manfred Hofinger<\/p>\n","protected":false},"author":9,"featured_media":0,"parent":0,"menu_order":0,"comment_status":"closed","ping_status":"closed","template":"","meta":{"footnotes":""},"class_list":["post-79","page","type-page","status-publish","hentry","no-post-thumbnail"],"_links":{"self":[{"href":"https:\/\/oekosozial.at\/oberoesterreich\/wp-json\/wp\/v2\/pages\/79","targetHints":{"allow":["GET"]}}],"collection":[{"href":"https:\/\/oekosozial.at\/oberoesterreich\/wp-json\/wp\/v2\/pages"}],"about":[{"href":"https:\/\/oekosozial.at\/oberoesterreich\/wp-json\/wp\/v2\/types\/page"}],"author":[{"embeddable":true,"href":"https:\/\/oekosozial.at\/oberoesterreich\/wp-json\/wp\/v2\/users\/9"}],"replies":[{"embeddable":true,"href":"https:\/\/oekosozial.at\/oberoesterreich\/wp-json\/wp\/v2\/comments?post=79"}],"version-history":[{"count":10,"href":"https:\/\/oekosozial.at\/oberoesterreich\/wp-json\/wp\/v2\/pages\/79\/revisions"}],"predecessor-version":[{"id":1056,"href":"https:\/\/oekosozial.at\/oberoesterreich\/wp-json\/wp\/v2\/pages\/79\/revisions\/1056"}],"wp:attachment":[{"href":"https:\/\/oekosozial.at\/oberoesterreich\/wp-json\/wp\/v2\/media?parent=79"}],"curies":[{"name":"wp","href":"https:\/\/api.w.org\/{rel}","templated":true}]}}

<p>Obmann: LT-Präsident Max Hiegelsberger<br />Obmann-Stellvertreterin: Mag. Daniela Fuchshuber<br />Geschäftsführerin: DI Anni Pichler<br />Schriftführerin: Dir. Ing. Mag. Dr. Leopoldine Weinzierl<br />Schulung und Bildung: Bgm. LSI Ing. Johann Plakolm<br />Kassier: VD Mag. Reinhard Schwendtbauer<br />Vorstandsmitglied: Dir. Ing Wolfgang Wallner<br />Vorstandmitglied: GF Leader Region Susanne Kreinecker<br />Vorstandsmitglied: MMag. Michael Baminger<br />Vorstandsmitglied: DI Dr. Claudia Probst<br />BeiratsVorsitzender: Mag. Gregor Dietachmayr<br />Rechnungsprüfer: Bgm. Barbara Payreder<br />Rechnungsprüfer: NR Ing. Manfred Hofinger</p>


<figure class="wp-block-image size-large"><img loading="lazy" decoding="async" width="1024" height="683" src="https://oekosozial.at/oberoesterreich/wp-content/uploads/sites/5/2023/10/Oekosoziales-Forum-OOe_Vorstand-und-Beirat-bearbeitet-1024x683.jpg" alt="" class="wp-image-934" srcset="https://oekosozial.at/oberoesterreich/wp-content/uploads/sites/5/2023/10/Oekosoziales-Forum-OOe_Vorstand-und-Beirat-bearbeitet-1024x683.jpg 1024w, https://oekosozial.at/oberoesterreich/wp-content/uploads/sites/5/2023/10/Oekosoziales-Forum-OOe_Vorstand-und-Beirat-bearbeitet-300x200.jpg 300w, https://oekosozial.at/oberoesterreich/wp-content/uploads/sites/5/2023/10/Oekosoziales-Forum-OOe_Vorstand-und-Beirat-bearbeitet-768x512.jpg 768w, https://oekosozial.at/oberoesterreich/wp-content/uploads/sites/5/2023/10/Oekosoziales-Forum-OOe_Vorstand-und-Beirat-bearbeitet-1536x1024.jpg 1536w, https://oekosozial.at/oberoesterreich/wp-content/uploads/sites/5/2023/10/Oekosoziales-Forum-OOe_Vorstand-und-Beirat-bearbeitet-2048x1365.jpg 2048w, https://oekosozial.at/oberoesterreich/wp-content/uploads/sites/5/2023/10/Oekosoziales-Forum-OOe_Vorstand-und-Beirat-bearbeitet-100x67.jpg 100w, https://oekosozial.at/oberoesterreich/wp-content/uploads/sites/5/2023/10/Oekosoziales-Forum-OOe_Vorstand-und-Beirat-bearbeitet-758x505.jpg 758w, https://oekosozial.at/oberoesterreich/wp-content/uploads/sites/5/2023/10/Oekosoziales-Forum-OOe_Vorstand-und-Beirat-bearbeitet-968x645.jpg 968w" sizes="auto, (max-width: 1024px) 100vw, 1024px" /><figcaption class="wp-element-caption">Vorstand ÖSFOÖ v.l.n.r: Barbara Payreder, Wolfgang Wallner, GF Anni Pichler, Martin Donat, Daniela Fuchshuber, Gregor Dietachmayr, Obmann Max Hiegelsberger, Thomas Märzinger, Barbara Probst, Susanne Kreinecker, Leopoldine Weinzierl, Reinhard Schwendtbauer, Johann Lefenda, Walter Lederhilger</figcaption></figure>

<p>Obmann: LT-Präsident Max HiegelsbergerObmann-Stellvertreterin: Mag. Daniela FuchshuberGeschäftsführerin: DI Anni PichlerSchriftführerin: Dir. Ing. Mag. Dr. Leopoldine WeinzierlSchulung und Bildung: Bgm. LSI Ing. Johann PlakolmKassier: VD Mag. Reinhard SchwendtbauerVorstandsmitglied: Dir. Ing Wolfgang WallnerVorstandmitglied: GF Leader Region Susanne KreineckerVorstandsmitglied: MMag. Michael BamingerVorstandsmitglied: DI Dr. Claudia ProbstBeiratsVorsitzender: Mag. Gregor DietachmayrRechnungsprüfer: Bgm. Barbara PayrederRechnungsprüfer: NR Ing. Manfred Hofinger</p>
