{"id":3654,"date":"2017-09-12T17:50:06","date_gmt":"2017-09-12T15:50:06","guid":{"rendered":"https:\/\/oekosozial.at\/?page_id=3654"},"modified":"2017-09-12T17:50:06","modified_gmt":"2017-09-12T15:50:06","slug":"koestinger-es-ist-zeit-fuer-mehr-oekosoziale-marktwirtschaft","status":"publish","type":"page","link":"https:\/\/oekosozial.at\/en\/koestinger-es-ist-zeit-fuer-mehr-oekosoziale-marktwirtschaft\/","title":{"rendered":"K\u00f6stinger: Es ist Zeit f\u00fcr mehr \u00d6kosoziale Marktwirtschaft"},"content":{"rendered":"<div id=\"cs-content\" class=\"cs-content\"><\/div>\n","protected":false},"excerpt":{"rendered":"","protected":false},"author":20,"featured_media":0,"parent":0,"menu_order":0,"comment_status":"closed","ping_status":"closed","template":"","meta":{"footnotes":""},"class_list":["post-3654","page","type-page","status-publish","hentry","no-post-thumbnail"],"aioseo_notices":[],"_links":{"self":[{"href":"https:\/\/oekosozial.at\/en\/wp-json\/wp\/v2\/pages\/3654","targetHints":{"allow":["GET"]}}],"collection":[{"href":"https:\/\/oekosozial.at\/en\/wp-json\/wp\/v2\/pages"}],"about":[{"href":"https:\/\/oekosozial.at\/en\/wp-json\/wp\/v2\/types\/page"}],"author":[{"embeddable":true,"href":"https:\/\/oekosozial.at\/en\/wp-json\/wp\/v2\/users\/20"}],"replies":[{"embeddable":true,"href":"https:\/\/oekosozial.at\/en\/wp-json\/wp\/v2\/comments?post=3654"}],"version-history":[{"count":2,"href":"https:\/\/oekosozial.at\/en\/wp-json\/wp\/v2\/pages\/3654\/revisions"}],"predecessor-version":[{"id":3656,"href":"https:\/\/oekosozial.at\/en\/wp-json\/wp\/v2\/pages\/3654\/revisions\/3656"}],"wp:attachment":[{"href":"https:\/\/oekosozial.at\/en\/wp-json\/wp\/v2\/media?parent=3654"}],"curies":[{"name":"wp","href":"https:\/\/api.w.org\/{rel}","templated":true}]}}

Köstinger: Es ist Zeit für mehr Ökosoziale Marktwirtschaft
